{"id":429,"date":"2024-10-16T21:33:03","date_gmt":"2024-10-16T19:33:03","guid":{"rendered":"https:\/\/www.hostalavenida.es\/?post_type=product&#038;p=429"},"modified":"2024-11-25T11:36:47","modified_gmt":"2024-11-25T10:36:47","slug":"habitacion-doble-2-4","status":"publish","type":"product","link":"http:\/\/www.hostalavenida.es\/en\/tienda\/habitacion-doble-2-4\/","title":{"rendered":"Habitaci\u00f3n Doble 2-4"},"content":{"rendered":"<p><span style=\"font-weight: 400;\">Habitaci\u00f3n doble con cama de 1.35m climatizada, ba\u00f1o completo, TV e internet (Vistas a la iglesia y a la monta\u00f1a)<\/span><\/p>\n<p>&nbsp;<\/p>","protected":false},"excerpt":{"rendered":"<p>Habitaci\u00f3n doble con cama de 1.35m climatizada, ba\u00f1o completo, TV e internet (Vistas a la iglesia y a la monta\u00f1a) &nbsp;<\/p>","protected":false},"featured_media":811,"template":"","meta":[],"product_brand":[],"product_cat":[30,27],"product_tag":[],"class_list":{"0":"post-429","1":"product","2":"type-product","3":"status-publish","4":"has-post-thumbnail","6":"product_cat-doble-2","7":"product_cat-segunda-planta","9":"first","10":"instock","11":"virtual","12":"taxable","13":"purchasable","14":"product-type-ovabrw_car_rental"},"yoast_head":"<!-- This site is optimized with the Yoast SEO plugin v27.4 - https:\/\/yoast.com\/product\/yoast-seo-wordpress\/ -->\n<title>Habitaci\u00f3n Doble 2-4 - Hostal Avenida<\/title>\n<meta name=\"description\" content=\"Hostal en Tabernas-Habitaci\u00f3n doble con cama de 1.35m climatizada, ba\u00f1o completo, TV e internet (Vistas a la iglesia y a la monta\u00f1a)\" \/>\n<meta name=\"robots\" content=\"index, follow, max-snippet:-1, max-image-preview:large, max-video-preview:-1\" \/>\n<link rel=\"canonical\" href=\"http:\/\/www.hostalavenida.es\/en\/tienda\/habitacion-doble-2-4\/\" \/>\n<meta property=\"og:locale\" content=\"en_GB\" \/>\n<meta property=\"og:type\" content=\"article\" \/>\n<meta property=\"og:title\" content=\"Habitaci\u00f3n Doble 2-4 - Hostal Avenida\" \/>\n<meta property=\"og:description\" content=\"Hostal en Tabernas-Habitaci\u00f3n doble con cama de 1.35m climatizada, ba\u00f1o completo, TV e internet (Vistas a la iglesia y a la monta\u00f1a)\" \/>\n<meta property=\"og:url\" content=\"http:\/\/www.hostalavenida.es\/en\/tienda\/habitacion-doble-2-4\/\" \/>\n<meta property=\"og:site_name\" content=\"Hostal Avenida\" \/>\n<meta property=\"article:modified_time\" content=\"2024-11-25T10:36:47+00:00\" \/>\n<meta property=\"og:image\" content=\"http:\/\/www.hostalavenida.es\/wp-content\/uploads\/2024\/10\/habitacion-doble-segunda-planta-2-4-hostal-avenida-3.webp\" \/>\n\t<meta property=\"og:image:width\" content=\"600\" \/>\n\t<meta property=\"og:image:height\" content=\"400\" \/>\n\t<meta property=\"og:image:type\" content=\"image\/webp\" \/>\n<meta name=\"twitter:card\" content=\"summary_large_image\" \/>\n<meta name=\"twitter:label1\" content=\"Estimated reading time\" \/>\n\t<meta name=\"twitter:data1\" content=\"1 minute\" \/>\n<script type=\"application\/ld+json\" class=\"yoast-schema-graph\">{\"@context\":\"https:\\\/\\\/schema.org\",\"@graph\":[{\"@type\":\"WebPage\",\"@id\":\"http:\\\/\\\/www.hostalavenida.es\\\/tienda\\\/habitacion-doble-2-4\\\/\",\"url\":\"http:\\\/\\\/www.hostalavenida.es\\\/tienda\\\/habitacion-doble-2-4\\\/\",\"name\":\"Habitaci\u00f3n Doble 2-4 - Hostal Avenida\",\"isPartOf\":{\"@id\":\"http:\\\/\\\/www.hostalavenida.es\\\/#website\"},\"primaryImageOfPage\":{\"@id\":\"http:\\\/\\\/www.hostalavenida.es\\\/tienda\\\/habitacion-doble-2-4\\\/#primaryimage\"},\"image\":{\"@id\":\"http:\\\/\\\/www.hostalavenida.es\\\/tienda\\\/habitacion-doble-2-4\\\/#primaryimage\"},\"thumbnailUrl\":\"http:\\\/\\\/www.hostalavenida.es\\\/wp-content\\\/uploads\\\/2024\\\/10\\\/habitacion-doble-segunda-planta-2-4-hostal-avenida-3.webp\",\"datePublished\":\"2024-10-16T19:33:03+00:00\",\"dateModified\":\"2024-11-25T10:36:47+00:00\",\"description\":\"Hostal en Tabernas-Habitaci\u00f3n doble con cama de 1.35m climatizada, ba\u00f1o completo, TV e internet (Vistas a la iglesia y a la monta\u00f1a)\",\"breadcrumb\":{\"@id\":\"http:\\\/\\\/www.hostalavenida.es\\\/tienda\\\/habitacion-doble-2-4\\\/#breadcrumb\"},\"inLanguage\":\"en-GB\",\"potentialAction\":[{\"@type\":\"ReadAction\",\"target\":[\"http:\\\/\\\/www.hostalavenida.es\\\/tienda\\\/habitacion-doble-2-4\\\/\"]}]},{\"@type\":\"ImageObject\",\"inLanguage\":\"en-GB\",\"@id\":\"http:\\\/\\\/www.hostalavenida.es\\\/tienda\\\/habitacion-doble-2-4\\\/#primaryimage\",\"url\":\"http:\\\/\\\/www.hostalavenida.es\\\/wp-content\\\/uploads\\\/2024\\\/10\\\/habitacion-doble-segunda-planta-2-4-hostal-avenida-3.webp\",\"contentUrl\":\"http:\\\/\\\/www.hostalavenida.es\\\/wp-content\\\/uploads\\\/2024\\\/10\\\/habitacion-doble-segunda-planta-2-4-hostal-avenida-3.webp\",\"width\":600,\"height\":400},{\"@type\":\"BreadcrumbList\",\"@id\":\"http:\\\/\\\/www.hostalavenida.es\\\/tienda\\\/habitacion-doble-2-4\\\/#breadcrumb\",\"itemListElement\":[{\"@type\":\"ListItem\",\"position\":1,\"name\":\"Portada\",\"item\":\"http:\\\/\\\/www.hostalavenida.es\\\/\"},{\"@type\":\"ListItem\",\"position\":2,\"name\":\"Productos\",\"item\":\"http:\\\/\\\/www.hostalavenida.es\\\/shop\\\/\"},{\"@type\":\"ListItem\",\"position\":3,\"name\":\"Habitaci\u00f3n Doble 2-4\"}]},{\"@type\":\"WebSite\",\"@id\":\"http:\\\/\\\/www.hostalavenida.es\\\/#website\",\"url\":\"http:\\\/\\\/www.hostalavenida.es\\\/\",\"name\":\"Hostal Avenida\",\"description\":\"Hostal Avenida en Tabernas\",\"potentialAction\":[{\"@type\":\"SearchAction\",\"target\":{\"@type\":\"EntryPoint\",\"urlTemplate\":\"http:\\\/\\\/www.hostalavenida.es\\\/?s={search_term_string}\"},\"query-input\":{\"@type\":\"PropertyValueSpecification\",\"valueRequired\":true,\"valueName\":\"search_term_string\"}}],\"inLanguage\":\"en-GB\"}]}<\/script>\n<!-- \/ Yoast SEO plugin. -->","yoast_head_json":{"title":"Habitaci\u00f3n Doble 2-4 - Hostal Avenida","description":"Hostal en Tabernas-Habitaci\u00f3n doble con cama de 1.35m climatizada, ba\u00f1o completo, TV e internet (Vistas a la iglesia y a la monta\u00f1a)","robots":{"index":"index","follow":"follow","max-snippet":"max-snippet:-1","max-image-preview":"max-image-preview:large","max-video-preview":"max-video-preview:-1"},"canonical":"http:\/\/www.hostalavenida.es\/en\/tienda\/habitacion-doble-2-4\/","og_locale":"en_GB","og_type":"article","og_title":"Habitaci\u00f3n Doble 2-4 - Hostal Avenida","og_description":"Hostal en Tabernas-Habitaci\u00f3n doble con cama de 1.35m climatizada, ba\u00f1o completo, TV e internet (Vistas a la iglesia y a la monta\u00f1a)","og_url":"http:\/\/www.hostalavenida.es\/en\/tienda\/habitacion-doble-2-4\/","og_site_name":"Hostal Avenida","article_modified_time":"2024-11-25T10:36:47+00:00","og_image":[{"width":600,"height":400,"url":"http:\/\/www.hostalavenida.es\/wp-content\/uploads\/2024\/10\/habitacion-doble-segunda-planta-2-4-hostal-avenida-3.webp","type":"image\/webp"}],"twitter_card":"summary_large_image","twitter_misc":{"Estimated reading time":"1 minute"},"schema":{"@context":"https:\/\/schema.org","@graph":[{"@type":"WebPage","@id":"http:\/\/www.hostalavenida.es\/tienda\/habitacion-doble-2-4\/","url":"http:\/\/www.hostalavenida.es\/tienda\/habitacion-doble-2-4\/","name":"Habitaci\u00f3n Doble 2-4 - Hostal Avenida","isPartOf":{"@id":"http:\/\/www.hostalavenida.es\/#website"},"primaryImageOfPage":{"@id":"http:\/\/www.hostalavenida.es\/tienda\/habitacion-doble-2-4\/#primaryimage"},"image":{"@id":"http:\/\/www.hostalavenida.es\/tienda\/habitacion-doble-2-4\/#primaryimage"},"thumbnailUrl":"http:\/\/www.hostalavenida.es\/wp-content\/uploads\/2024\/10\/habitacion-doble-segunda-planta-2-4-hostal-avenida-3.webp","datePublished":"2024-10-16T19:33:03+00:00","dateModified":"2024-11-25T10:36:47+00:00","description":"Hostal en Tabernas-Habitaci\u00f3n doble con cama de 1.35m climatizada, ba\u00f1o completo, TV e internet (Vistas a la iglesia y a la monta\u00f1a)","breadcrumb":{"@id":"http:\/\/www.hostalavenida.es\/tienda\/habitacion-doble-2-4\/#breadcrumb"},"inLanguage":"en-GB","potentialAction":[{"@type":"ReadAction","target":["http:\/\/www.hostalavenida.es\/tienda\/habitacion-doble-2-4\/"]}]},{"@type":"ImageObject","inLanguage":"en-GB","@id":"http:\/\/www.hostalavenida.es\/tienda\/habitacion-doble-2-4\/#primaryimage","url":"http:\/\/www.hostalavenida.es\/wp-content\/uploads\/2024\/10\/habitacion-doble-segunda-planta-2-4-hostal-avenida-3.webp","contentUrl":"http:\/\/www.hostalavenida.es\/wp-content\/uploads\/2024\/10\/habitacion-doble-segunda-planta-2-4-hostal-avenida-3.webp","width":600,"height":400},{"@type":"BreadcrumbList","@id":"http:\/\/www.hostalavenida.es\/tienda\/habitacion-doble-2-4\/#breadcrumb","itemListElement":[{"@type":"ListItem","position":1,"name":"Portada","item":"http:\/\/www.hostalavenida.es\/"},{"@type":"ListItem","position":2,"name":"Productos","item":"http:\/\/www.hostalavenida.es\/shop\/"},{"@type":"ListItem","position":3,"name":"Habitaci\u00f3n Doble 2-4"}]},{"@type":"WebSite","@id":"http:\/\/www.hostalavenida.es\/#website","url":"http:\/\/www.hostalavenida.es\/","name":"Hostal Avenida","description":"Hostal Avenida en Tabernas","potentialAction":[{"@type":"SearchAction","target":{"@type":"EntryPoint","urlTemplate":"http:\/\/www.hostalavenida.es\/?s={search_term_string}"},"query-input":{"@type":"PropertyValueSpecification","valueRequired":true,"valueName":"search_term_string"}}],"inLanguage":"en-GB"}]}},"_links":{"self":[{"href":"http:\/\/www.hostalavenida.es\/en\/wp-json\/wp\/v2\/product\/429","targetHints":{"allow":["GET"]}}],"collection":[{"href":"http:\/\/www.hostalavenida.es\/en\/wp-json\/wp\/v2\/product"}],"about":[{"href":"http:\/\/www.hostalavenida.es\/en\/wp-json\/wp\/v2\/types\/product"}],"wp:featuredmedia":[{"embeddable":true,"href":"http:\/\/www.hostalavenida.es\/en\/wp-json\/wp\/v2\/media\/811"}],"wp:attachment":[{"href":"http:\/\/www.hostalavenida.es\/en\/wp-json\/wp\/v2\/media?parent=429"}],"wp:term":[{"taxonomy":"product_brand","embeddable":true,"href":"http:\/\/www.hostalavenida.es\/en\/wp-json\/wp\/v2\/product_brand?post=429"},{"taxonomy":"product_cat","embeddable":true,"href":"http:\/\/www.hostalavenida.es\/en\/wp-json\/wp\/v2\/product_cat?post=429"},{"taxonomy":"product_tag","embeddable":true,"href":"http:\/\/www.hostalavenida.es\/en\/wp-json\/wp\/v2\/product_tag?post=429"}],"curies":[{"name":"wp","href":"https:\/\/api.w.org\/{rel}","templated":true}]}}

Habitación Doble 2-4

<p><span style="font-weight: 400;">Habitación doble con cama de 1.35m climatizada, baño completo, TV e internet (Vistas a la iglesia y a la montaña)</span></p>
<p>&nbsp;</p>

<p>Habitación doble con cama de 1.35m climatizada, baño completo, TV e internet (Vistas a la iglesia y a la montaña) &nbsp;</p>

<!-- This site is optimized with the Yoast SEO plugin v27.4 - https://yoast.com/product/yoast-seo-wordpress/ -->
<title>Habitación Doble 2-4 - Hostal Avenida</title>
<meta name="description" content="Hostal en Tabernas-Habitación doble con cama de 1.35m climatizada, baño completo, TV e internet (Vistas a la iglesia y a la montaña)" />
<meta name="robots" content="index, follow, max-snippet:-1, max-image-preview:large, max-video-preview:-1" />
<link rel="canonical" href="http://www.hostalavenida.es/en/tienda/habitacion-doble-2-4/" />
<meta property="og:locale" content="en_GB" />
<meta property="og:type" content="article" />
<meta property="og:title" content="Habitación Doble 2-4 - Hostal Avenida" />
<meta property="og:description" content="Hostal en Tabernas-Habitación doble con cama de 1.35m climatizada, baño completo, TV e internet (Vistas a la iglesia y a la montaña)" />
<meta property="og:url" content="http://www.hostalavenida.es/en/tienda/habitacion-doble-2-4/" />
<meta property="og:site_name" content="Hostal Avenida" />
<meta property="article:modified_time" content="2024-11-25T10:36:47+00:00" />
<meta property="og:image" content="http://www.hostalavenida.es/wp-content/uploads/2024/10/habitacion-doble-segunda-planta-2-4-hostal-avenida-3.webp" />
	<meta property="og:image:width" content="600" />
	<meta property="og:image:height" content="400" />
	<meta property="og:image:type" content="image/webp" />
<meta name="twitter:card" content="summary_large_image" />
<meta name="twitter:label1" content="Estimated reading time" />
	<meta name="twitter:data1" content="1 minute" />
<script type="application/ld+json" class="yoast-schema-graph">{"@context":"https:\/\/schema.org","@graph":[{"@type":"WebPage","@id":"http:\/\/www.hostalavenida.es\/tienda\/habitacion-doble-2-4\/","url":"http:\/\/www.hostalavenida.es\/tienda\/habitacion-doble-2-4\/","name":"Habitación Doble 2-4 - Hostal Avenida","isPartOf":{"@id":"http:\/\/www.hostalavenida.es\/#website"},"primaryImageOfPage":{"@id":"http:\/\/www.hostalavenida.es\/tienda\/habitacion-doble-2-4\/#primaryimage"},"image":{"@id":"http:\/\/www.hostalavenida.es\/tienda\/habitacion-doble-2-4\/#primaryimage"},"thumbnailUrl":"http:\/\/www.hostalavenida.es\/wp-content\/uploads\/2024\/10\/habitacion-doble-segunda-planta-2-4-hostal-avenida-3.webp","datePublished":"2024-10-16T19:33:03+00:00","dateModified":"2024-11-25T10:36:47+00:00","description":"Hostal en Tabernas-Habitación doble con cama de 1.35m climatizada, baño completo, TV e internet (Vistas a la iglesia y a la montaña)","breadcrumb":{"@id":"http:\/\/www.hostalavenida.es\/tienda\/habitacion-doble-2-4\/#breadcrumb"},"inLanguage":"en-GB","potentialAction":[{"@type":"ReadAction","target":["http:\/\/www.hostalavenida.es\/tienda\/habitacion-doble-2-4\/"]}]},{"@type":"ImageObject","inLanguage":"en-GB","@id":"http:\/\/www.hostalavenida.es\/tienda\/habitacion-doble-2-4\/#primaryimage","url":"http:\/\/www.hostalavenida.es\/wp-content\/uploads\/2024\/10\/habitacion-doble-segunda-planta-2-4-hostal-avenida-3.webp","contentUrl":"http:\/\/www.hostalavenida.es\/wp-content\/uploads\/2024\/10\/habitacion-doble-segunda-planta-2-4-hostal-avenida-3.webp","width":600,"height":400},{"@type":"BreadcrumbList","@id":"http:\/\/www.hostalavenida.es\/tienda\/habitacion-doble-2-4\/#breadcrumb","itemListElement":[{"@type":"ListItem","position":1,"name":"Portada","item":"http:\/\/www.hostalavenida.es\/"},{"@type":"ListItem","position":2,"name":"Productos","item":"http:\/\/www.hostalavenida.es\/shop\/"},{"@type":"ListItem","position":3,"name":"Habitación Doble 2-4"}]},{"@type":"WebSite","@id":"http:\/\/www.hostalavenida.es\/#website","url":"http:\/\/www.hostalavenida.es\/","name":"Hostal Avenida","description":"Hostal Avenida en Tabernas","potentialAction":[{"@type":"SearchAction","target":{"@type":"EntryPoint","urlTemplate":"http:\/\/www.hostalavenida.es\/?s={search_term_string}"},"query-input":{"@type":"PropertyValueSpecification","valueRequired":true,"valueName":"search_term_string"}}],"inLanguage":"en-GB"}]}</script>
<!-- / Yoast SEO plugin. -->

Habitación Doble 2-4 - Hostal Avenida

Hostal en Tabernas-Habitación doble con cama de 1.35m climatizada, baño completo, TV e internet (Vistas a la iglesia y a la montaña)
